= 10 + 3. Suppose m + 6 = 2*p, -u = -2*m + 3*p - 4*p. Give d(m).
3
Suppose -38 = -3*p - u, 3*u = 2*p - 4*p + 37. Let n(v) = -v + 12. Let k be n(p). Let t(f) = 4*f**2 - 1. Give t(k).
3
Let v(a) = 1 - 2*a**2 - 6538*a + 6538*a. Calculate v(-2).
-7
Let b(w) = -12*w - 311. Let x be b(-26). Let y(s) = 13*s**2 - s. Determine y(x).
12
Let w(t) = -35*t + 15*t**2 + 8*t**2 + 13*t - 29*t**2 + 7*t**2 + 23. Calculate w(21).
2
Let h(p) = p - 10. Let y = 1260 + -1276. Let z(k) = k**3 + 5*k**2 + 2*k. Let r be z(-5). Let x = r - y. Give h(x).
-4
Let v(n) = n**2 + 7*n + 14. Let i be v(-8). Suppose 2*w + 2*m = 3*m + 10, 5*m - i = -2*w. Let p(z) = -z**3 + 5*z**2 + 8*z - 6. Calculate p(w).
6
Let o(y) be the third derivative of y**7/2520 + y**6/144 + y**5/40 + y**4/3 + 12*y**2. Let r(j) be the second derivative of o(j). Give r(-5).
3
Suppose 4*n + 14 = 2*p, -4*p + 8*n = 3*n - 25. Let x(o) = -o**2 + 2*o + 6. Give x(p).
-9
Let r(u) = 2*u + 11. Let k(x) = -10*x - 54. Let h(a) = -2*k(a) - 11*r(a). Suppose -23*w = -38*w - 135. Give h(w).
5
Let f(v) = -v**3 - 2*v**2 - v + 2. Let p be f(0). Let l(s) = -p*s - 5*s + 3*s + 3 + 2*s. Give l(2).
-1
Let q(a) be the first derivative of -a**2 - a - 300. Determine q(7).
-15
Let h(l) = -l**2 + l**3 + 115*l + 96*l - 219*l + 1 + 6*l**2. Let y = 4 + 2. Suppose 2*v + y = v. What is h(v)?
13
Let g(a) = -a**3 + 14*a**2 - 13*a + 14. Let n = 283 - 270. What is g(n)?
14
Let s(v) be the second derivative of -v**4/12 - 4*v**2 - 434*v. Determine s(7).
-57
Let x(t) = -t - 5 + 8*t**2 - 3*t + t**3 + 2*t - 2*t**2. Suppose 5*j = 2*j + 45. Suppose -4*l - 12 = -4*a, 3 = 3*l - 2*a + j. Determine x(l).
7
Let d(v) = 27*v**2 + 5*v**3 - 7*v**3 - 8*v - 12*v**2. Let z(l) = -l**3 + 7*l**2 - 4*l. Let s be (-3 - (-5)/1) + -4. Let x(u) = s*d(u) + 5*z(u). Calculate x(3).
6
Suppose 8*l + 40 = 3*l. Let u(t) be the first derivative of 15 - 1/2*t**2 - 5*t. What is u(l)?
3
Suppose -1 = -4*o - y + 15, 0 = -3*o + 5*y + 12. Let k(h) = h**2 - 5*h + 2. What is k(o)?
-2
Let f(u) = u**2 + 4*u - 16. Let m be f(-7). Let c(k) = -6*k**2 + m - 5 + 1 - k. Determine c(1).
-6
Let g(n) = 2*n - 6. Let w be (-19)/(95/(-10)) + 3. What is g(w)?
4
Suppose 5*x - 41 + 36 = 0. Let p(b) = 16*b**2 + b - 2. Calculate p(x).
15
Let q be -13 + -1 + 8 + 18 + -22. Let b(c) = -2*c**3 - 21*c**2 - 13*c - 20. Determine b(q).
10
Let d(l) = -2*l**2 - 2*l - 15. Let m be d(-7). Let u = 98 + m. Let n(k) = -5*k**2 - 4*k. Let i(v) = v. Let h(q) = 4*i(q) + n(q). Determine h(u).
-5
Let z(k) = -k**3 - 5*k**2 + 8*k + 5. Let u be (-924)/(-385)*(-10)/4. What is z(u)?
-7
Let r(h) = 29*h + 27*h + 9 - 59*h. Give r(7).
-12
Let j be 10/(-12) - (-6)/36*47. Let u(x) = -x**2 + 10*x + 3. Give u(j).
24
Let z(q) be the first derivative of -q**5/20 - 3*q**3 - 14. Let v(r) be the third derivative of z(r). Give v(2).
-12
Let s(y) = 13*y - 66. Let a(d) = 15*d - 76. Let z(p) = -5*a(p) + 6*s(p). Calculate z(0).
-16
Let b(n) be the third derivative of n**4/24 + 7*n**3/6 + 509*n**2. Give b(10).
17
Let x(n) = -n**3 + 9*n**2 + n - 13. Let o = 11 + -8. Suppose 2*u + v = -2*v + 33, 0 = -o*u - v + 32. Give x(u).
-4
Let d(u) be the second derivative of u**8/840 + u**7/1260 - u**5/120 + u**4/12 - 9*u. Let a(s) be the third derivative of d(s). Give a(1).
9
Let c(o) be the second derivative of -o**5/20 + 5*o**4/12 - 2*o**3/3 - o**2/2 + o. Let h be 2*4*27*30/1620. What is c(h)?
-1
Let r(q) be the second derivative of q**5/20 - q**3/2 - 3*q**2/2 + 248*q. Calculate r(-3).
-21
Let a(w) = 6*w + 5. Let c(h) = h + 1. Let v(q) = -3*a(q) + 15*c(q). Let f(l) = l**2 + 8*l - 26. Let b be f(-13). Let r = b - 40. Determine v(r).
3
Let z(c) = -c**3 + 4*c**2 - 2*c + 3. Let v be (-7 - -6 - (-2 - 0)) + 3. Calculate z(v).
-5
Let l(c) = -2*c - 9. Let v(b) = 2*b**2 + 2*b + 8. Let w be v(0). Let f(g) = -g**3 + 5*g**2 - 2*g - 4. Let z be f(5). Let d be w/14 + 92/z. Determine l(d).
3
Let w be ((-2)/4)/(1/4). Let v = w - -7. Suppose -v*d + 8 = p - 13, d = -p + 1. Let t(m) = 3*m - 3. What is t(p)?
-15
Let p = 110 + -46. Let i = 127 - p. Let l(v) = -63 + i - 4*v + v. Give l(-1).
3
Let l be (-6)/1*1/(-2). Let o(u) = -3 + 4*u**l + 4 - 3*u**3 - 5*u + 3*u + u**2. Let j = -186 + 184. Calculate o(j).
1
Let o be -6*((-121)/(-6))/11. Let p(c) = c**3 + 11*c**2 - c - 6. What is p(o)?
5
Let r(i) = -i**2 - 6*i + 3. Let l(y) = y**2 - 3*y + 4. Let h be l(3). Let d = 4 - h. Suppose 26 = -5*q - 4*t, -3*q + 3*t - 2 - 19 = d. Determine r(q).
3
Let y(z) = z**2 - 4*z - 5. Let o(v) = -v + 12. Let x be o(10). Let a be (105/x)/((-1)/(-2)). Let s be 7/(a/(-6))*-15. What is y(s)?
7
Let g(p) be the third derivative of -p**6/120 - 11*p**5/60 - p**4/24 - p**3/2 - 3*p**2. Suppose u = 4*l + 41, -11*l + 12*l - 2*u + 5 = 0. Calculate g(l).
8
Let z(x) be the second derivative of -x**3/3 - 5*x**2/2 + 59*x. Suppose -6 = -5*g - 26. Determine z(g).
3
Suppose 0 = 2*n - 2*k - 14, -16 = -2*n + 4*k + 6. Suppose 3*d + 12 = -4*y + 3, 0 = -5*y + n*d - 45. Let v(s) = -s - 2. What is v(y)?
4
Let w(n) = n**3 + 8*n**2 - n - 8. Let j = -355 - -347. What is w(j)?
0
Let h be -3*(-3 + 6/(-3)). Suppose o - 3 = -3*l, -6*o + o + h = 5*l. Let k(x) = x**3 + x**2 + x + 5. Determine k(l).
5
Let a = 13 - 10. Suppose 0 = 7*c + a + 11. Let t(p) = -p**2 - 2. Give t(c).
-6
Let z(m) = -m**2 - 10*m + 20. Let b be z(-11). Let x(j) = -j**2 + j + 3. Let q(n) = -5*n**2 + 3*n + 13. Let s(a) = b*x(a) - 2*q(a). Give s(-5).
11
Let w(d) = -11*d**2 - 4*d - 24. Let n(q) = -3 - 24 + 16 - 4*q**2 - 2*q - q**2. Let s(k) = -9*n(k) + 4*w(k). Calculate s(-3).
6
Let s(a) be the second derivative of 9*a**5/20 + a**4/6 - a**3/6 + a. Suppose 0 = -4*f - 3*z + 327, 13 = -5*z - 2. Let j be 5*(-2 - (2 - f/20)). Give s(j).
10
Suppose -9*d - 45 + 9 = 0. Let u(z) = z**3 + 4*z**2 + 4*z + 5. Calculate u(d).
-11
Suppose r = -3*f - f - 2, 5*r = 4*f - 10. Let c(g) = -g**3 - g**2 + g + 46. Determine c(f).
46
Let x be (3/4)/(2/(-16)). Let r(s) = s**3 + 6*s**2 + 2. Let m be r(x). Let k be m - -1 - 12/(-4). Let q(a) = -a + 14. Determine q(k).
8
Suppose -4*w = -1 - 3. Let q(g) = -1 + w - g. Suppose -17 - 25 = -14*y. Give q(y).
-3
Let o(z) = -4*z - 2 - z**2 + 3*z - 3*z. Let d be 23/(-4) + ((-7)/4)/7. Calculate o(d).
-14
Let j be (0 - 0)*(1 + 0). Suppose 0 = 7*q - 8*q - 4*b + 24, -2*q - 7 = -3*b. Suppose q*v - 4 = -j*v. Let a(g) = -11*g**3 + g - 1. Determine a(v).
-11
Let n(l) = -l**3 - 6*l**2 - 3*l + 8. Let y(a) = -6*a**2 + a - 1. Let w be y(1). What is n(w)?
26
Let s be (18/3)/(-1)*2/(-4). Let b(p) = s*p - 10*p + 6*p - 3*p. What is b(-3)?
12
Let m(d) be the first derivative of d**3/3 + 2*d**2 - 7*d + 267. Suppose -2*b = 17 - 7. What is m(b)?
-2
Let u(w) = -w**3 + 5*w**2 - 6*w + 6. Let a(n) = n**3 - 14*n**2 + 16*n - 35. Let m be a(13). Calculate u(m).
-2
Let t(h) = 12*h**2 + 3*h + 3. Let v = -23 + 16. Let r(a) = -4*a**2 - a - 1. Let y(d) = v*r(d) - 2*t(d). What is y(-1)?
4
Suppose -13*x + 19 = -c - 18*x, -9 = c + 3*x. Let w(q) = -3*q + 8. Let f(g) = -g - 1. Let s(t) = f(t) - w(t). Give s(c).
3
Let f(l) = -l - 4*l**3 + 5*l**2 + 4 + 3*l**2 - l**3. Let t(i) = -14*i**3 + 23*i**2 - 2*i + 12. Let d = -206 + 210. Let v(p) = d*t(p) - 11*f(p). Give v(5).
-6
Let k = 30 - 23. Let q(u) = -20*u - 5. Let o(f) = 10*f + 2. Let l(t) = k*o(t) + 3*q(t). Calculate l(-1).
-11
Let v(j) = 4*j**3 + j**2 - j. Let z be (-178)/2 + (12 - 10). Let x = -86 - z. Determine v(x).
4
Let m(b) = -4*b + 1. Let p(o) = -o**3 - 9*o**2 - 3*o - 3. Let r be p(-9). Let y be ((-6)/8)/((-1)/r). Suppose 5*k + 1 = w + 3, -5*w + y = 3*k. Give m(k).
-3
Let r = 4409/4 + -1102. Let z(x) be the first derivative of -x + r*x**4 + x**3 - 5/2*x**2 - 1. Calculate z(-4).
3
Let z(k) = k**3 + 7*k**2 - 7*k + 5. Let f(q) = 3*q + 19. Let h be f(-9). Calculate z(h).
-3
Let x(m) = -3*m. Let i be (-1 - 0/(-2))*(-18)/(-3). Let a(y) = -y**2 - 5*y + 3. Let n be a(i). What is x(n)?
9
Suppose 2*p - 5*p = 93. Let c = -24 - p. Let f(t) = t**2 - 8*t - 1. Give f(c).
-8
Let v(q) = -q**3 - 6*q**2 + q - 1. Suppose -c + 9 = -14. Suppose -3*n - c = -17. Let i be (-1)/n - 91/14. Give v(i).
-7
Let r(c) be the second derivative of -c**3/3 + c. Suppose -q + 9 = 2*q, 5*f - q = 22. Suppose 0 = f*h - 3*o - 6, 2*o + 9 = h + 4*o. Give r(h).
-6
Let l(z) be the first derivative of 7*z**2/2 - 9*z - 590. What is l(7)?
40
Let v(h) be the first derivative of h**4/